t is f(l)?
-9
Let u(m) be the third derivative of -m**6/120 - m**5/15 - m**4/6 - 5*m**3/6 + 5*m**2. Calculate u(-4).
11
Let l(h) = -6*h**2 + 1. Let j(p) = p + 8. Let c be j(-7). What is l(c)?
-5
Suppose 4*m + 3*c + 5 - 2 = 0, -2*c = m + 2. Let b(d) = d - 7. What is b(m)?
-7
Let d(u) be the second derivative of u**3/3 - 2*u**2 - 2*u. Let i be d(3). Let z(s) = -s + i - 6 - 1. Calculate z(-4).
-1
Let a(m) = -m**2 - m + 5. Let j(u) = 4 + u - u - 9*u + 8*u. Suppose 0 = -q - 3*q + 16. Let f be j(q). Calculate a(f).
5
Let i(r) = -r**3 + 3*r**2 + 3*r - 4. Let a be 4/6 - 20/(-15). Suppose -w - 3*w + 3 = -s, w = -a*s + 12. Suppose 0 = u + w*u - 12. Determine i(u).
-8
Suppose -32 = 2*d - 0. Let v = 18 + d. Let i(r) = -r**3 + r**2 - 1. Calculate i(v).
-5
Let w(h) be the first derivative of -h**2 + 2*h - 8. Calculate w(-2).
6
Let h(f) be the third derivative of 0 - 2*f**2 + 1/60*f**5 + 0*f + 0*f**3 - 1/4*f**4. Let y be h(5). Let m(d) = d**3 + 5*d**2 + d - 4. Calculate m(y).
-9
Let m(x) be the second derivative of 3*x**2 + 0 - 1/12*x**4 - 2/3*x**3 + 3*x. Let c(f) = -2*f**2 - 7*f + 13. Let q(g) = -3*c(g) + 5*m(g). What is q(0)?
-9
Let l(v) = -4*v**2 - 5*v - 5. Let i(a) = 11*a**2 + 16*a + 15. Let m(x) = -3*i(x) - 8*l(x). What is m(-4)?
11
Suppose 0 = -5*m + 20, -2*m = 3*i + 23 - 1. Let q be (8/i)/((-10)/25). Let w(j) = -5*j + 3. What is w(q)?
-7
Let d(c) be the third derivative of c**7/504 + c**6/360 - c**5/120 - c**4/8 - 4*c**2. Let k(s) be the second derivative of d(s). Let r = 3 + -2. Determine k(r).
6
Suppose -5*d - 24 = 6. Let f(x) be the third derivative of 0*x - x**2 - 1/24*x**4 + 0*x**3 + 0. What is f(d)?
6
Let n(q) = 2*q**2 - 4 + q**2 - q - 2*q**2 + 4*q**3 + 3. Determine n(-1).
-3
Let n(u) be the second derivative of -u**3/2 - 3*u**2 + 2*u. Give n(-6).
12
Let l = 44 + -49. Let t(m) be the first derivative of m**2/2 - 2*m + 1. Give t(l).
-7
Let a be (-1)/(-1)*(-3)/(-3). Let m(n) = -25*n + 7. Let w(b) = 13*b - 4. Let q(s) = 3*m(s) + 5*w(s). Determine q(a).
-9
Let i be (1 - 1) + (6 - 9). Let t(q) = q**3 + 3*q**2. What is t(i)?
0
Let x(j) = -2*j + 38*j**2 - 4 - 8*j**2 - 22*j**2 + 3. Calculate x(-1).
9
Let n(w) = w**2. Let q be n(2). Suppose -q*x = x - 10. Suppose 0*d = 2*d + 6, m + 5 = -x*d. Let h(u) = -5*u**2 - u. Determine h(m).
-6
Let l(b) be the first derivative of -b**4/4 - b**2/2 + 1. Suppose -3*o + 240 = -11*o. Let k = -32 - o. Calculate l(k).
10
Let y(t) = t**2 - 3*t + 3. Let v(w) = -4*w + 1. Let s = 2 - 3. Let k be v(s). Suppose -5*l + k = 0, -8 - 3 = -5*r - l. What is y(r)?
1
Let x(o) be the first derivative of -o**2/2 + o - 12. Calculate x(-2).
3
Let s = 73 + -76. Let c(x) = 10*x + 4. Determine c(s).
-26
Let q(z) = -3*z**2 - 4. Let r(m) = -m**2 + 1. Let y(v) = -q(v) + 2*r(v). What is y(0)?
6
Let v(x) be the third derivative of 1/24*x**4 + 0*x - 1/2*x**3 + 0 - 2*x**2. Determine v(-4).
-7
Let z(t) = -2*t**2 + 7*t - 4. Let k(f) = -3*f**2 + 8*f - 3. Let s(q) = 3*k(q) - 4*z(q). Let u = 1 - 6. What is s(u)?
2
Let d(c) be the first derivative of -1/3*c**3 - 1/2*c**2 + 1 + 0*c - 1/4*c**4. Let g be ((-9)/3 + 1)/2. Calculate d(g).
1
Let j(g) = -4*g**2 - g + 4. Let z(o) = -2*o**2 + 10 - 2*o - 7 + 0*o - o**2. Let f(i) = -2*j(i) + 3*z(i). Calculate f(-6).
-11
Let x(j) = 2*j + j**2 - 5*j - 2 + 2*j. Let k be x(-2). Let d(w) = w**2 - 3*w + 2. Determine d(k).
6
Let i(q) be the first derivative of -q**2/2 - q - 11. What is i(2)?
-3
Let z(j) = j**3 + 4*j**2 - 6*j. Let b be z(-5). Let c(o) = 3*o - 4*o + 0*o - b + 2*o - o**3 - o**2. Calculate c(0).
-5
Let t(x) be the third derivative of x**8/20160 - x**7/630 + x**6/90 - x**5/60 + 2*x**2. Let g(u) be the third derivative of t(u). Give g(6).
-4
Let y(n) be the first derivative of -5 + 2*n**2 - 1 + 3. Determine y(1).
4
Let y(p) = -p**3 + p**2 + 2*p + 2. Suppose 0 = -5*q - 4*h - 10 + 25, -q + 4*h + 3 = 0. Calculate y(q).
-10
Let u(a) = a. Let b(t) = -t**2 - 3*t - 1. Let w(h) = -b(h) - 3*u(h). What is w(-3)?
10
Let g be (-6)/15*-5 - -5. Let i(n) = -n + 6. Determine i(g).
-1
Let n(i) = i**3 - 2*i + 1. Let y = 9 - 6. Suppose -l + y = 2*l. Give n(l).
0
Let x(v) = -v**2 - 8*v - 3. Suppose 5*q = -18 - 12. Give x(q).
9
Let g = -7 + 13. Let z(f) = -f - g + 0 + 2*f - 1. Determine z(0).
-7
Let w(k) = 7 - 12 + 12 - k. Determine w(5).
2
Let j(x) be the third derivative of -x**5/60 + 7*x**4/24 + 2*x**2. Let q be 8 - (-4)/24*-6. What is j(q)?
0
Let a(n) = n**3 - 4*n**2 + 3*n - 1. Let x be a(3). Let t be 1 + -2 - (-3 - x). Let b(c) = t + 0*c + c - 4. Give b(2).
-1
Let w(l) = -l**3 - 6*l**2 - 5*l + 2. Let t be w(-5). Let f(s) = 0*s**2 - 15 + 16 + s**2. Determine f(t).
5
Let l(v) be the second derivative of -4*v - 3*v**2 + 0 + 1/6*v**3 + 1/12*v**4. Give l(-5).
14
Let c(l) = 0*l + 7 + 3*l - 13 - 2*l. What is c(0)?
-6
Let m(p) = p**3 - p. Let y(a) = -2*a**3 - a**2 + a + 3. Let q(b) = -3*m(b) - y(b). Determine q(2).
-3
Let x(u) = 4*u**2 + 1. Let a be 6/(-12) - 6/4. Give x(a).
17
Let h(n) = n. Let k(u) = -2*u**2 + 7*u + 4. Let s(g) = 5*h(g) - k(g). Determine s(3).
8
Suppose -3*a = z - 3, 5*z - 15 = -a - 2*a. Suppose -z*y = -11 - 1. Let u(h) = y*h + 3*h - 4*h - h - h**3. Give u(2).
-4
Let f(h) = h + 6. Let i be ((-10)/(-4))/(7/(-14)). Determine f(i).
1
Let k(m) = -2*m**2 - 3*m + 3. Let i(a) = -2*a**2 - a + 1. Let w(g) = 4*i(g) - 2*k(g). Calculate w(2).
-14
Let v(o) = -6*o**2 + o + 1 + 3*o**2 + 3*o**2 - 4*o**2. Let i be 6/(-3) + (0 - -1). Calculate v(i).
-4
Let l(x) = -3*x**3 + 7*x**2 + 9*x + 9. Let s(p) = -2*p**3 + 3*p**2 + 5*p + 4. Let w(u) = -3*l(u) + 5*s(u). Calculate w(-6).
5
Let f(r) = 9*r**2 - 9*r + 4. Let v(d) = -4*d**2 + 4*d - 2. Suppose -4*n = g + 13, -5*n - g = -6*g - 15. Let l(q) = n*f(q) - 5*v(q). Calculate l(2).
6
Let b(x) = 2*x - 1. Let f(m) be the first derivative of -2 + m - 3/2*m**2. Let h(y) = -4*b(y) - 3*f(y). Calculate h(-1).
0
Suppose o + 0 = 2. Let f(s) = -11 + s**2 + 10 + 7*s**o + 0*s**2. Determine f(-1).
7
Let p(g) = g**3 + 4*g**2 - 4*g - 1. Let o(h) = -2*h**3 - 8*h**2 + 7*h + 1. Let v(s) = 2*o(s) + 5*p(s). Let q be v(-5). Let z(f) = -3*f + 3. Determine z(q).
-3
Let k(g) = -2*g - 2. Suppose 29 = -7*q + 8. Give k(q).
4
Let u(t) = 4*t - 3*t + 7*t. Let x = -13 - -12. Give u(x).
-8
Let n(i) = 4*i**3 - 2*i + 1. Let x(y) = y**2 - 5*y - 4. Let m be x(6). Suppose 0 = -3*z - m*z + 10. Let j be ((-1)/1)/(1 - z). Determine n(j).
3
Let a be (-1 + 1)/(0 + 2). Let u(v) = v**3 + 30*v**2 - 13*v**2 - 17*v**2. Calculate u(a).
0
Let y(s) = 1 + 0 + s - 3 - 2*s. Calculate y(6).
-8
Let b(k) be the second derivative of k**5/120 + 7*k**4/24 + 2*k**3/3 - 7*k. Let a(n) be the second derivative of b(n). Suppose 0 = -0*u - u. What is a(u)?
7
Let a(o) be the second derivative of o**3/6 + 5*o**2 + 2*o. Let q(h) = -h + 1. Let v be q(-3). Suppose -p - 4 - 5 = u, -v*p = -2*u. Determine a(u).
4
Suppose 5 = -3*f + 2. Let w(l) = -l**3 + l + 2. Let k be w(-2). Let n(m) = -k*m**2 - 3*m + 2*m + 2 - 3. Determine n(f).
-8
Let a = 2 + -3. Let c(s) = 8*s**3 + 4*s**2 + 3*s. Let p(n) = n**2 + n. Let q(b) = c(b) - 3*p(b). What is q(a)?
-7
Let o(w) = -w**3 - 3*w**2 - 2*w - 2. Let s be o(-3). Let i(g) = -s*g**2 + 8 + 3*g**2 - 5*g**2 + 0 - g**3. Determine i(-6).
8
Let d be 8/(-5)*65/26. Let j(r) = 2*r. What is j(d)?
-8
Let s be 1*3 - 68/24. Let y(r) be the third derivative of 1/6*r**4 - r**2 + 0*r - 1/120*r**6 + 0 + 1/60*r**5 + s*r**3. Calculate y(3).
-5
Let u = 14 + -3. Let i(b) = -5 + u*b - b + 5. Determine i(1).
10
Suppose -5*u = -4 - 11. Let s(z) = 3 + z + 5 - z**2 - 5 + z**3 + u. Calculate s(0).
6
Let h(f) be the first derivative of f**4/4 - 2*f**3/3 - 2*f**2 + 2*f + 5. Give h(3).
-1
Let g(h) = -h - 2. Let r(i) = -i**2 + 10*i - 3. Let f be r(9). Suppose f + 18 = -4*x. Determine g(x).
4
Let l(p) = -p**2 + 6*p - 3. Let j(u) = -3*u**2 + 18*u - 8. Let q(r) = -4*j(r) + 11*l(r). Determine q(7).
6
Let g(y) be the second derivative of 0*y**4 + 1/6*y**3 + 1/4*y**5 + 0 + 0*y**2 + 3*y. Determine g(1).
6
Suppose 5*g + 122 - 17 = 0. Let u = -22 - g. Let x(p) = 4*p**3 + 2*p + 1. Give x(u).
-5
Let a be (3 + 1/1)*1. Let h(k) = k**3 - 4*k**2 + k. Determine h(a).
4
Let d = 1 - 2. Let q be d*1 - 28/(-4). Let s be (-1)/(-1) + -1*q. Let v(c) = c**2 + 3*c - 6. Give v(s).
4
Let h(d) be the third derivative of -d**8/5040 - d**7/5040 + d**5/10 + 5*d**2. Let y(n) be the third der